*2 + 131*c + 385. Determine k(-3).
-773
Let n(g) = -5*g**2 + 21*g - 19. Give n(8).
-171
Let z(t) = 62*t**2 - 71*t + 2. Determine z(2).
108
Let q(i) = i**3 + 36*i**2 - 210*i - 191. Calculate q(-41).
14
Let v(c) = c**3 + 29*c**2 - 205*c + 141. Give v(-35).
-34
Let p(h) = 8*h**3 + 4*h**2 + 3*h - 3. Calculate p(4).
585
Let g(w) = -3*w**3 - 9*w**2 + 24*w + 6. Give g(2).
-6
Let o(v) = 2*v**3 + 70*v**2 + 3*v + 23. Calculate o(-35).
-82
Let t(d) = -133*d + 1850. Determine t(14).
-12
Let y(b) = -2207*b - 50768. Calculate y(-23).
-7
Let m(g) = -2*g**3 - 153*g**2 - 84*g - 628. Give m(-76).
-20
Let a(w) = w**3 - 18*w**2 + 47*w + 23. Give a(15).
53
Let u(n) = 787*n + 29124. Calculate u(-37).
5
Let f(q) = 105*q**2 - 2238*q + 6. Give f(21).
-687
Let c(w) = -w**3 + 22*w**2 + 240*w + 47. Determine c(-8).
47
Let o(i) = i**3 + 51*i**2 + 105*i - 117. Determine o(-49).
-460
Let r(b) = -14*b - 161. Calculate r(-3).
-119
Let u(z) = 116*z + 6716. Determine u(-58).
-12
Let m(h) = 13*h + 249. What is m(-18)?
15
Let y(l) = -l**3 - 28*l**2 + 50*l + 605. Determine y(-29).
-4
Let w(h) = 6*h**2 + 389*h + 2115. Give w(-6).
-3
Let l(w) = -3*w**2 + 6*w + 8. Give l(3).
-1
Let a(d) = -d**3 + 5*d**2 + 41*d + 1. Calculate a(-6).
151
Let i(x) = -x**3 + 5*x**2 + 30*x - 131. Calculate i(4).
5
Let x(l) = l**3 + 84*l**2 - 1021*l - 2. Give x(11).
262
Let j(w) = w**3 + 19*w**2 - 10*w + 20. What is j(-19)?
210
Let h(z) = -z**3 - 9*z**2 + 257*z - 53. Give h(12).
7
Let d(a) = 60*a**2 - 595*a - 61. Determine d(10).
-11
Let z(d) = 629*d - 5055. Give z(8).
-23
Let k(g) = -4*g**3 - 31*g**2 + 58*g + 120. Calculate k(-9).
3
Let y(l) = -l**3 + 48*l**2 - 58*l + 99. Determine y(47).
-418
Let d(w) = -w**3 - 5*w**2 - 143*w - 689. Determine d(-5).
26
Let r(t) = -330*t - 6596. What is r(-20)?
4
Let h(n) = 62*n - 5212. Determine h(84).
-4
Let w(k) = 4*k**2 + 118*k - 180. Determine w(-31).
6
Let r(c) = 1798*c + 12608. Give r(-7).
22
Let h(f) = 83*f - 1293. Calculate h(12).
-297
Let h(u) = 1336*u - 5327. Calculate h(4).
17
Let a(g) = -g**2 - 31*g + 270. Give a(7).
4
Let p(v) = -35*v**3 - 105*v**2 - 17*v - 24. Calculate p(-3).
27
Let l(j) = j**3 - 15*j**2 - 40*j + 2. Determine l(17).
-100
Let n(w) = -w**2 + 41*w - 590. Calculate n(20).
-170
Let p(x) = 3*x**3 - 2*x**2 - 26*x + 11. What is p(3)?
-4
Let q(b) = b**3 + 24*b**2 - 103*b + 238. Give q(-28).
-14
Let j(b) = b**3 + 60*b**2 + 54*b + 3231. Calculate j(-60).
-9
Let x(t) = 35*t + 1496. What is x(-43)?
-9
Let m(p) = -12*p + 55. Give m(23).
-221
Let y(x) = 2*x**3 + 91*x**2 + 659*x + 38. Calculate y(-9).
20
Let f(r) = 4518*r + 27105. Determine f(-6).
-3
Let r(w) = -w**3 + 31*w**2 + 35*w - 95. Give r(32).
1
Let d(n) = n**2 - 8*n + 3. Calculate d(-5).
68
Let d(y) = y**3 - 55*y**2 + 104*y + 104. What is d(53)?
-2
Let d(o) = 2*o**3 + 5*o**2 - 7*o + 11. What is d(2)?
33
Let g(b) = 468*b - 3242. Give g(7).
34
Let a(f) = -3*f**2 + 301*f + 1889. Give a(-6).
-25
Let b(h) = -h**3 + 4*h**2 + 2*h - 7. Calculate b(6).
-67
Let d(y) = 38*y**2 + 147*y + 2. Determine d(-4).
22
Let f(g) = -4*g**2 - 23*g + 5. Give f(-7).
-30
Let h(b) = 3*b**2 + 972*b - 4939. Determine h(5).
-4
Let d(r) = -150*r + 6908. What is d(46)?
8
Let p(x) = -x**2 - 24*x + 254. Calculate p(8).
-2
Let y(z) = z**2 - 4*z - 201. What is y(16)?
-9
Let u(q) = -q**2 - 3667*q + 40454. Calculate u(11).
-4
Let h(r) = 6*r**3 - 34*r**2 - 11*r + 3. Give h(6).
9
Let t(j) = -j**2 - 10*j + 970. Determine t(-37).
-29
Let f(a) = 434*a + 64676. Give f(-149).
10
Let y(o) = 10*o - 428. What is y(43)?
2
Let q(p) = 90*p - 723. Determine q(8).
-3
Let p(i) = 687*i - 63885. Give p(93).
6
Let j(a) = -a**2 + 8*a - 88. Calculate j(0).
-88
Let d(t) = 2*t**2 - 2049*t - 12373. Determine d(-6).
-7
Let z(y) = -y**3 - 50*y**2 + 6*y + 164. Calculate z(-50).
-136
Let u(x) = 66*x - 942. What is u(15)?
48
Let l(c) = 52*c - 211. Calculate l(5).
49
Let l(y) = -2*y**2 + 8*y - 50. What is l(7)?
-92
Let x(a) = 362*a**2 + 16*a + 17. Determine x(-1).
363
Let q(a) = a**3 + 15*a**2 + 15*a + 25. What is q(-14)?
11
Let z(y) = -2*y**3 + 148*y**2 + 155*y - 251. Determine z(75).
124
Let w(c) = 33*c**2 + 5*c - 5. Determine w(1).
33
Let f(a) = 239*a - 3823. What is f(16)?
1
Let o(y) = 13*y - 744. Give o(55).
-29
Let w(n) = n**3 + 22*n**2 - 55*n - 175. What is w(-24)?
-7
Let v(x) = 8*x**2 - 269*x - 107. Determine v(34).
-5
Let l(v) = -v**3 + 27*v**2 - 151*v + 147. What is l(6)?
-3
Let d(c) = -11*c**2 + 20*c - 23. Calculate d(1).
-14
Let c(g) = -287*g - 2047. Give c(-7).
-38
Let h(j) = 16*j**2 - 74*j - 18. Calculate h(5).
12
Let w(g) = 20*g**2 + 146*g + 32. Give w(-7).
-10
Let u(q) = -10*q**2 + 243*q - 10. Determine u(24).
62
Let w(s) = -17*s**3 + 527*s**2 - 8*s + 242. Give w(31).
-6
Let l(m) = 2*m**2 - 6*m + 67. Calculate l(0).
67
Let q(n) = -3*n**3 - 10*n**2 - 11*n - 1. What is q(-4)?
75
Let d(s) = -3*s**2 + 102*s + 862. What is d(41)?
1
Let o(u) = -u**3 - 2*u**2 - 46*u - 45. What is o(-1)?
0
Let f(s) = -s**3 - 18*s**2 - 46*s + 7. Determine f(-15).
22
Let g(r) = -17*r**2 - 1290*r + 185. Determine g(-76).
33
Let o(w) = w**2 - 43*w - 5845. Calculate o(-58).
13
Let t(c) = 83*c + 109. Give t(-2).
-57
Let m(d) = -10*d**2 + 163*d - 31. What is m(16)?
17
Let a(t) = t**3 + 9*t**2 + 8*t + 47. Determine a(-12).
-481
Let a(n) = 453*n - 16774. Calculate a(37).
-13
Let m(d) = -3*d**2 - 91*d - 21. What is m(-32)?
-181
Let l(f) = f**3 - 23*f**2 + 58*f + 33. Calculate l(20).
-7
Let h(f) = -10*f**2 - 4*f + 13. What is h(0)?
13
Let g(p) = -534*p + 7493. Give g(14).
17
Let d(t) = -t**2 + 35*t - 435. Give d(15).
-135
Let d(s) = s**2 - 11*s - 554. Give d(30).
16
Let r(l) = -3194*l - 38330. Determine r(-12).
-2
Let s(j) = -659*j - 34924. Calculate s(-53).
3
Let s(r) = 47*r - 689. Calculate s(0).
-689
Let l(w) = w**2 - 22*w + 5. Calculate l(-3).
80
Let u(n) = -48*n - 521. Calculate u(-13).
103
Let f(p) = 15*p**2 + 108*p + 229. Determine f(-6).
121
Let i(r) = -90*r - 756. Determine i(-9).
54
Let h(g) = 60*g + 2584. Determine h(-43).
4
Let r(p) = -2*p**2 + 78*p - 298. Determine r(34).
42
Let k(r) = 4894*r - 19578. Calculate k(4).
-2
Let o(c) = -3*c**3 - 238*c**2 - 2078*c + 18. Give o(-10).
-2
Let m(o) = -629*o - 5658. Determine m(-9).
3
Let j(o) = -1889*o - 9428. What is j(-5)?
17
Let n(a) = a**3 - 42*a**2 + 4*a - 165. Give n(42).
3
Let j(q) = 2*q**2 + 6*q + 108. Determine j(-9).
216
Let y(o) = 39*o - 747. Determine y(17).
-84
Let k(w) = 106*w + 325. Determine k(-4).
-99
Let o(g) = -g**3 + 34*g**2 - 265*g - 224. Determine o(14).
-14
Let w(n) = -15*n**3 - 13*n**2 - 72*n - 135. Determine w(-2).
77
Let q(x) = -x**3 + 29*x**2 - 30*x + 64. Give q(28).
8
Let p(o) = -2*o**2 + 3*o + 103. Give p(-9).
-86
Let a(z) = -1272*z - 119570. Calculate a(-94).
-2
Let a(k) = -3*k**2 + 64*k - 5. Give a(21).
16
Let z(g) = -g**3 - 177*g**2 - 1840*g - 15. Determine z(-11).
139
Let n(y) = 7*y**2 + 31*y + 10. What is n(-9)?
298
Let y(u) = -u**3 - 235*u**2 - 687*u + 2106. Give y(-232).
18
Let n(c) = -7*c**2 - 234*c + 132. Determine n(-34).
-4
Let w(x) = 309*x + 602. Calculate w(-2).
-16
Let d(z) = z**3 + 18*z**2 + 34. Calculate d(-18).
34
Let h(o) = o**3 - 16*o**2 - 8*o - 157. Calculate h(17).
-4
Let b(o) = -3*o**3 + o**2 + 39*o - 3. Calculate b(0).
-3
Let w(m) = -675*m - 5409. What is w(-8)?
-9
Let a(r) = -8*r**2 - 120*r - 115. Give a(-1).
-3
Let y(u) = 165*u - 205. Determine y(1).
-40
Let r(a) = -268*a**3 + 27*a**2 - 24*a - 3. Calculate r(1).
-268
Let s(j) = -j**3 + 2*j**2 - 138. Determine s(0).
-138
Let o(z) = 70*z + 131. Determine o(-2).
-9
Let g(b) = -b**2 + 131*b - 832. What is g(7)?
36
Let j(p) = -553*p + 72981. Give j(132).
-15
Let r(m) = -5*m**2 + 204*m + 229. What is r(42)?
-23
Let k(n) = -4*n**3 + 178*n**2 - 260*n + 80. Calculate k(43).
-6
Let i(b) = b**2 + 125*b + 1708. Calculate i(-15).
58
Let n(l) = 3*l**2 - 20*l - 54. Determine n(19).
649
Let o(u) = 10*u**2 + 567*u - 168. Give o(-57).
3
Let w(x) = 8*x**2 + 189*x - 24. Calculate w(-24).
48
Let f(r) = -3*r**3 + 33*r**2 - 12*r - 11. What is f(10)?
169
Let m(b) = -b**3 + 57*b**2 + 242*b + 108. Calculate m(61).
-14
Let i(j) = -20*j + 1061. What is i(57)?
-79
Let z(t) = -t**2 - 79*t + 545. What is z(6)?
35
Let j(o) = 3*o**2 - 5*o - 130. Give j(-12).
362
Let x(a) = -2*a**3 - 33*a**2 - 220*a - 4923. What is x(-18)?
9
Let b(c) = 268*c - 3398. What i